factor of 36 and h.
18
Suppose 32 = 5*r - 3*a - 71, 3 = -3*a. Calculate the highest common factor of 50 and r.
10
Let k be (-885)/(-35) - (-6)/(-21). What is the greatest common factor of 75 and k?
25
Suppose -2*j = -j - 2. Calculate the greatest common divisor of j and 1.
1
Let w(x) = 11*x**2 - x. Let g = -6 - -5. Let l be w(g). Let s be (-3 + 27)*1/2. Calculate the greatest common divisor of s and l.
12
Let l(a) = a**2 - 3*a + 4. Suppose -4*z + 6 + 8 = 3*b, 2 = -2*z. Let d be l(b). Calculate the greatest common factor of 44 and d.
22
Suppose -j + 5*p = -61, 2*p + p + 227 = 4*j. Calculate the highest common divisor of 7 and j.
7
Suppose -4*o = 0, -4*r = -7*r - o. Let b be (3 - (r - -2))*27. Suppose 13 = 5*x - b. Calculate the highest common divisor of 56 and x.
8
Suppose 42 = 2*o - q + 5*q, 0 = -5*o + q + 61. Let l be (-2)/7 - (-275)/7. Calculate the highest common factor of l and o.
13
Let n = -102 - -222. What is the highest common factor of n and 15?
15
Let p be ((-8)/16)/((-1)/22). What is the highest common divisor of 11 and p?
11
Let n = 41 + -17. Suppose 37 = 2*v - 3*f, -v - 2*f = -7 - 15. Let l be v/5 - (-1 - 1). Calculate the highest common factor of n and l.
6
Let n be (11/2)/(1/2). Let c = n + 1. Let h be ((-48)/5)/(5/(-25)). Calculate the greatest common factor of c and h.
12
Suppose 81 = o - 4*z, -3*o + 3*z + 157 = -o. Let c = -47 + o. What is the highest common factor of c and 6?
6
Let g be (-26)/(-6) + 1/(-3). Let q be 64 - ((-3)/1 + 3). Suppose -40 = -g*p + q. Calculate the greatest common divisor of 13 and p.
13
Suppose -3*a = 5*x + a - 35, 2*x - 3*a + 9 = 0. Suppose 7 = 2*z - 23. What is the greatest common factor of z and x?
3
Suppose 0 = 2*p - 2*l - 60, -3*p + 96 = -0*p - 5*l. Suppose -2*o + 11 = -p. What is the greatest common divisor of o and 133?
19
Let s be -5 + 1 + 1 + 7. Suppose -2*x - 20 = -4*x. What is the highest common divisor of x and s?
2
Let p(z) = z**2 - 4*z + z**2 - z - 5. Let d be p(5). Calculate the highest common factor of 40 and d.
20
Let g be 115/2*54/45. Suppose 6*j - 3*j = 138. Calculate the greatest common factor of j and g.
23
Let s be (-4)/(-14) - (-318)/14. What is the highest common divisor of 161 and s?
23
Suppose i + 2 = 10. Let f = 0 + i. Calculate the greatest common factor of f and 48.
8
Let q = -13 + 18. Suppose q*m - 28 = m. Let i be -2 + (m - 3/3). Calculate the greatest common divisor of 2 and i.
2
Let q = 110 - 76. What is the greatest common factor of q and 34?
34
Let t be 2/(-6) - 498/(-9). Let p be (-19)/(-4) - (-6)/24. What is the highest common factor of t and p?
5
Suppose 74 = 2*r + 2*k, 0*r - 3*k = -5*r + 161. What is the greatest common divisor of 17 and r?
17
Let i be (-9)/(-18)*(69 - -1). What is the greatest common factor of 10 and i?
5
Let q(z) = -z**2 + 13*z + 9. Let i be q(12). Let y = 35 - i. Calculate the greatest common divisor of y and 14.
14
Let p be 43*(-4)/(-12) + (-3)/9. What is the highest common divisor of p and 28?
14
Let q = -13 + 23. Suppose q = g - 3. What is the highest common divisor of 39 and g?
13
Let v(l) = 22*l + 2. Let y be v(9). Suppose -9*s + 4*s + 4*c = -y, 159 = 4*s - 3*c. Calculate the greatest common factor of s and 4.
4
Let w be 2 + 1 + -2 + 0. Suppose -2 = 3*b + 1. Let g = 0 - b. What is the highest common factor of w and g?
1
Suppose -5*c + 4*h + 89 = 0, 3*c - 45 = -h + 22. Suppose -31*l + 35*l = 5*z - 19, 0 = 3*z - 4*l - 13. What is the greatest common factor of c and z?
3
Suppose -o - 3*o + 8 = 0. Suppose -v - 2*v + 40 = 5*y, 3*y = -5*v + 40. What is the greatest common divisor of y and o?
1
Suppose 83*d = 80*d + 81. What is the greatest common divisor of d and 135?
27
Let f be (-29 - 2/2)*10/(-5). What is the greatest common factor of f and 12?
12
Let t be (52/6)/((-5)/30). Let v = t + 92. Calculate the highest common factor of 5 and v.
5
Suppose -d - 4*d + 14 = -2*c, 0 = -3*d + 4*c + 14. What is the greatest common factor of d and 4?
2
Let n = 3 + -3. Suppose n*r = 5*r - 40. Suppose -r = 3*j - 23. What is the greatest common factor of j and 15?
5
Let r(s) = -s**3 + 2*s**2 + 5*s - 3. Let x be r(3). Calculate the highest common divisor of x and 3.
3
Let c = -32 - -14. Let z be 6/(-4)*(-24)/c. Let p be (-19)/z + (-1)/(-2). Calculate the greatest common divisor of p and 25.
5
Let v be ((-10)/3)/(5/(-15)). Let g = 4 + v. What is the highest common divisor of 42 and g?
14
Suppose -3*i + 11 + 19 = 0. What is the greatest common factor of i and 90?
10
Let l be 55 - (-3 - -6) - -2. What is the highest common divisor of l and 9?
9
Let i be 1/3 - (10 + 483/(-9)). What is the highest common divisor of i and 11?
11
Suppose -6*w = -w - 10. Suppose -5*g + 3 = -z - 0*z, 3*z + 26 = -w*g. Let i be (6/z)/((-3)/12). What is the greatest common divisor of i and 2?
1
Let b(w) = -3*w**2 + 374. Let a be b(0). Calculate the greatest common factor of 34 and a.
34
Let h(i) = 2 - 7 + 3 + 2*i - 2. Let m be h(9). Calculate the highest common divisor of m and 154.
14
Let h(d) = -d - 2. Let t be h(6). Let w(l) = l**2 + 5*l + 6. Let v be w(t). Calculate the greatest common divisor of v and 15.
15
Suppose -4*i - 67 = -3*b, 3*b + 0 = -i - 13. Let y = i - -22. Calculate the greatest common divisor of 66 and y.
6
Let v(j) = -8*j - 2. Let l be v(-2). Let f = -8 + l. Calculate the greatest common factor of 2 and f.
2
Let z(b) = 5*b + 10. Let p be z(5). Let u = -18 + 25. Calculate the highest common factor of u and p.
7
Suppose -883 = -5*o - 2*y + 761, o - 339 = 3*y. What is the highest common factor of 30 and o?
30
Suppose 0 = w - 2*j - 87, -w - w = 3*j - 181. Let q = w - 41. What is the greatest common divisor of 6 and q?
6
Suppose 3*d = 16 + 14. Suppose 0 = -2*o - q + 23, 0*o + o + q = d. What is the greatest common factor of 26 and o?
13
Let j(d) = -d**2 - 4*d + 1. Let c be j(-3). Suppose 2 - 10 = -c*y. What is the highest common factor of 8 and y?
2
Let w = 4300 + -2534. Let l be -5 + (5 - 2) - w. Let c be (-20)/70 + l/(-14). Calculate the highest common factor of 14 and c.
14
Let a(i) = 2*i + 9. Let u be a(9). What is the greatest common factor of u and 18?
9
Suppose 0 = -0*f - 4*f - 5*v + 47, 4*f - 53 = v. Calculate the highest common factor of f and 65.
13
Suppose -48 = -4*m - 4*v, -2*m - 3*m = -v - 48. Let p be 226/m + (-9)/15. What is the highest common factor of p and 2?
2
Suppose 0 = 5*y + 3 - 78. Let a(q) = 135*q**2 - q - 1. Let v be a(-1). Calculate the highest common factor of y and v.
15
Suppose 0 = -5*k - 120 + 20. Let b be (2/4)/(2/12). Let s be k/b*48/(-20). Calculate the highest common factor of s and 48.
16
Suppose 0 = -3*f + 376 + 2. Let d be 8/(2*(-2)/(-2)). Suppose 3*y - 30 = -2*l, 0*l - d*y = -2*l + 44. Calculate the highest common divisor of f and l.
18
Let v(h) = -2*h + 2. Let u be v(-3). Let z = -3 - -7. Let d = 16 - z. Calculate the highest common divisor of d and u.
4
Let l(g) = -g**2 - 9*g + 1. Suppose 3*y = -y - 32. Let m be l(y). What is the greatest common factor of 9 and m?
9
Let t = 353 + -236. What is the highest common factor of t and 13?
13
Let r = -22 - -42. What is the highest common factor of r and 4?
4
Let w = -4 - -11. Suppose 2*s - 21 = -9. Let a(r) = -r + 7. Let i be a(s). What is the highest common divisor of i and w?
1
Let d(r) = 18*r**3 - r**2 + r. Let w be d(1). What is the highest common divisor of w and 9?
9
Suppose 3*n - 1034 = -4*u, -2*u + 4*n + 395 = -133. Calculate the greatest common divisor of 20 and u.
20
Let a be 8/6*(-297)/(-22). Calculate the greatest common factor of a and 54.
18
Suppose -2*q + 6 = 2*f, -4*f + 2*q + 12 = -2*q. Let w = f + 5. Calculate the greatest common divisor of w and 8.
8
Let r(z) = z + 13. Suppose -i = -2*i - 6. Let s be r(i). Calculate the highest common divisor of 28 and s.
7
Let t(k) = -k**3 - 6*k**2 - 7*k + 10 - 2*k**2 + 0*k**2 - 2. Let o be t(-7). Let p be 7/1 + (-2)/(-2). What is the highest common factor of p and o?
8
Let h be (2 + 23)*(-2)/(-5). Let w = -10 - -12. What is the highest common divisor of w and h?
2
Let i be 0/(0 + -2) + 2. Let g be (8 + -6)/(2/i). Suppose -g*z - 22 + 182 = 0. What is the greatest common divisor of 10 and z?
10
Let p = 26 + -15. Let i be -2 + -4*(-2)/2. Suppose a + i*b = p, 6 + 4 = 2*b. What is the greatest common divisor of a and 7?
1
Let j = -32 - -64